is the greatest common divisor of 1131336 and 4256?
152
Calculate the highest common divisor of 96100353 and 27.
9
Calculate the highest common factor of 832 and 45743776.
416
What is the greatest common divisor of 42558922 and 1428?
238
What is the greatest common divisor of 3831654 and 18411?
1083
Calculate the highest common divisor of 79096 and 4296.
8
What is the highest common divisor of 484899 and 190209?
2679
What is the greatest common factor of 35604 and 1797956?
92
What is the greatest common factor of 842329405 and 635?
635
What is the greatest common factor of 24357 and 89608?
23
Calculate the greatest common divisor of 99 and 35482821.
33
Calculate the greatest common divisor of 59605 and 163922265.
8515
Calculate the greatest common factor of 759 and 7466151.
33
What is the greatest common factor of 44 and 119390139?
11
Calculate the greatest common divisor of 10239372 and 69732.
468
What is the greatest common divisor of 27838 and 106206?
62
What is the highest common factor of 59334 and 148676?
682
Calculate the highest common factor of 6657 and 1332807.
21
Calculate the highest common divisor of 4826465 and 13986.
259
What is the greatest common factor of 10412 and 1351916?
548
Calculate the greatest common factor of 455 and 10646363.
91
Calculate the greatest common divisor of 90 and 11698095.
15
What is the greatest common factor of 99017796 and 24?
12
Calculate the greatest common divisor of 1241750 and 10.
10
What is the highest common divisor of 301385 and 2065?
35
Calculate the highest common factor of 54 and 12171312.
18
What is the highest common divisor of 129492 and 54981126?
5886
What is the greatest common factor of 6290987 and 398?
199
What is the greatest common divisor of 112970 and 104390?
1430
Calculate the highest common factor of 25298 and 46884422.
3614
Calculate the highest common divisor of 47 and 50625721.
47
Calculate the greatest common factor of 3146 and 4647214.
286
What is the highest common factor of 4082 and 10149893?
2041
What is the greatest common divisor of 220545872 and 16?
16
Calculate the greatest common divisor of 279 and 29449597.
31
Calculate the highest common factor of 63586205 and 17.
17
What is the greatest common factor of 23042 and 9913118?
562
Calculate the greatest common factor of 1996 and 1817074568.
1996
Calculate the highest common divisor of 14 and 244962452.
14
What is the highest common divisor of 51689085 and 97120?
3035
Calculate the highest common factor of 3293 and 869724109.
3293
What is the greatest common divisor of 166 and 119810085?
83
Calculate the highest common factor of 161716 and 5968.
4
What is the greatest common divisor of 3674090 and 434?
14
Calculate the highest common divisor of 2841570 and 1125.
45
Calculate the greatest common factor of 82129714 and 74.
74
What is the highest common divisor of 951505226 and 42?
14
Calculate the highest common factor of 1693141708 and 33987.
11329
What is the greatest common divisor of 71785 and 75509?
49
Calculate the highest common divisor of 16776552 and 40443.
663
What is the highest common divisor of 12700 and 2041525?
3175
What is the highest common factor of 3604 and 201462699?
901
Calculate the highest common divisor of 3072 and 1416907776.
3072
What is the highest common divisor of 56660 and 2?
2
What is the greatest common factor of 9485 and 1630336?
271
Calculate the highest common divisor of 138 and 28064830.
46
What is the greatest common divisor of 783 and 96660045?
261
What is the greatest common factor of 9179392 and 1936?
16
What is the highest common factor of 1008 and 9486981?
63
Calculate the highest common divisor of 222 and 2632596.
6
Calculate the highest common factor of 1182001 and 1986.
331
What is the highest common factor of 276068 and 1924?
52
What is the highest common factor of 565578 and 73008?
234
What is the greatest common factor of 33 and 385517?
11
What is the highest common divisor of 13821924 and 18390?
3678
Calculate the greatest common factor of 25417856 and 163200.
2176
What is the highest common divisor of 19 and 45104651?
19
Calculate the greatest common divisor of 379772 and 97831.
361
Calculate the highest common factor of 1637467 and 689.
13
Calculate the highest common divisor of 6387036 and 236062.
4454
What is the highest common factor of 470566 and 99604?
74
What is the highest common factor of 24208340 and 20?
20
Calculate the highest common factor of 97856 and 24068.
44
Calculate the greatest common divisor of 930734 and 76.
38
What is the greatest common factor of 830 and 135034360?
830
Calculate the highest common divisor of 310 and 7611140.
10
What is the highest common factor of 18 and 64025268?
6
Calculate the greatest common factor of 10 and 3369980.
10
Calculate the greatest common factor of 230692 and 4079152.
2156
What is the greatest common factor of 33171 and 15441?
3
Calculate the highest common factor of 10697 and 1043239.
563
Calculate the greatest common divisor of 42478 and 28053232.
634
What is the greatest common factor of 2601 and 1993743?
153
Calculate the greatest common divisor of 50779 and 15428.
29
Calculate the highest common factor of 375630 and 45.
15
Calculate the highest common divisor of 96365862 and 34032.
4254
What is the highest common divisor of 3161728 and 4216?
136
Calculate the highest common factor of 17318708 and 6820.
1364
What is the highest common factor of 366782 and 37544?
26
What is the highest common divisor of 12019 and 219912?
119
Calculate the highest common divisor of 177610 and 1370.
10
Calculate the highest common divisor of 453 and 229765073.
151
Calculate the greatest common divisor of 67756 and 57772.
52
What is the greatest common divisor of 130 and 77470198?
26
Calculate the highest common divisor of 15510 and 387515.
235
What is the greatest common factor of 10375311 and 148789?
3629
What is the greatest common factor of 714636 and 25272?
1404
What is the highest common factor of 1056565653 and 1749?
1749
What is the greatest common divisor of 108491 and 4841868?
1219
What is the greatest common factor of 122 and 95753774?
122
What is the greatest common divisor of 607031 and 48203?
817
What is the highest common factor of 1056 and 70158528?
1056
What is the greatest common factor of 1 and 107422969?
1
What is the greatest common divisor of 10159 and 178?
1
Calculate the greatest common factor of 494600 and 24.
8
Calculate the greatest common factor of 849277710 and 972.
486
Calculate the greatest common divisor of 99683 and 9628.
83
What is the highest common divisor of 5885950 and 107200?
3350
Calculate the highest common divisor of 35919948 and 24084.
2676
Calculate the highest common factor of 118167 and 93534.
357
Calculate the greatest common divisor of 1563 and 23877951.
1563
What is the greatest common factor of 4672766 and 14?
14
Calculate the highest common divisor of 4346810 and 2726.
58
Calculate the highest common factor of 476630 and 17633.
77
Calculate the highest common divisor of 38891597 and 1173.
391
What is the highest common factor of 43 and 72737166?
43
Calculate the highest common divisor of 457821 and 517419.
2709
What is the greatest common divisor of 12432 and 24927?
21
What is the greatest common factor of 5587 and 5809518?
37
Calculate the greatest common factor of 170925168 and 1002.
1002
What is the highest common factor of 1385514 and 2232?
558
Calculate the greatest common divisor of 47934230 and 284.
142
Calculate the greatest common divisor of 72325 and 476795.
55
Calculate the greatest common divisor of 44709388 and 340.
68
Calculate the highest common factor of 1626738 and 22194.
822
Calculate the greatest common divisor of 21 and 42198708.
3
What is the greatest common divisor of 700121 and 110035?
373
What is the greatest common divisor of 5506685 and 186?
31
What is the greatest common divisor of 1496 and 15250598?
374
Calculate the highest common divisor of 474786 and 3874.
26
Calculate the greatest common divisor of 12171336 and 8.
8
Calculate the highest common divisor of 180686 and 38582.
382
What is the highest common factor of 354 and 13001476?
118
What is the highest common factor of 22 and 95711363?
11
Calculate the highest common divisor of 962928 and 12631